MONTHLY CLIMATOLOGICAL SUMMARY for SEP. 2017

NAME: Valley Stream, NY weather   CITY: Valley Stream STATE: New York
ELEV: 16 ft LAT: 40.651 LONG: -73.694

                            TEMPERATURE ( F), RAIN (in.), WIND SPEED (mph)

                                                 HEAT     COOL          AVG
      MEAN                                       DEG      DEG           WIND                       DOM
DAY   TEMP    HIGH   TIME      LOW     TIME      DAYS     DAYS    RAIN  SPEED   HIGH     TIME      DIR
----------------------------------------------------------------------------------------------------------------------------------------------------------
01    64.8    73.5   15:54p    55.3   07:11a     00.2     00.0   00.00  03.1    17.0    11:37a      N 
02    60.7    67.2   13:32p    53.1   06:56a     04.3     00.0   00.60  03.2    17.0    17:12p      E 
03    65.7    72.4   17:51p    58.9   00:45a     00.0     00.7   00.42  05.5    20.0    09:25a      E 
04    70.0    78.9   14:08p    61.6   07:18a     00.0     05.0   00.00  03.9    20.0    15:23p      SW
05    74.5    81.7   13:18p    69.5   06:11a     00.0     09.5   00.00  04.2    26.0    17:44p     SSW
06    68.3    74.2   10:32a    63.0   23:59p     00.0     03.3   00.73  01.9    15.0    18:40p      N 
07    66.6    73.7   16:10p    60.4   07:13a     00.0     01.6   00.02  04.2    20.0    16:01p      W 
08    66.0    73.9   15:18p    57.6   07:03a     00.0     01.0   00.00  03.3    18.0    10:40a      W 
09    63.0    71.9   15:07p    54.5   05:46a     02.0     00.0   00.00  02.8    18.0    13:47p      N 
10    64.8    74.8   14:40p    56.9   06:46a     00.2     00.0   00.00  03.0    17.0    13:56p     NNE
11    65.7    79.1   16:16p    52.6   05:48a     00.0     00.7   00.00  01.4    12.0    16:17p     NNE
12    67.4    79.6   16:14p    54.9   06:04a     00.0     02.4   00.00  00.9    12.0    14:31p     WSW
13    69.7    82.7   13:00p    58.2   06:29a     00.0     04.7   00.02  01.6    14.0    17:07p      SW
14    72.8    80.5   13:49p    67.8   02:34a     00.0     07.8   00.13  02.0    26.0    18:02p     SSW
15    73.4    82.5   14:08p    65.6   06:58a     00.0     08.4   00.00  01.7    13.0    14:22p     SSW
16    73.1    84.7   14:42p    69.0   23:59p     00.0     08.1   00.00  01.6    13.0    15:53p      SE
17    71.8    80.4   13:58p    68.1   07:25a     00.0     06.8   00.00  01.8    15.0    15:38p      SE
18    71.2    76.0   11:28a    66.6   05:54a     00.0     06.2   00.00  03.7    14.0    23:39p      NE
19    71.1    75.6   12:49p    68.4   15:14p     00.0     06.1   00.40  08.7    30.0    12:59p      NE
20    75.2    80.5   13:09p    71.0   00:36a     00.0     10.2   00.00  06.1    25.0    00:58a     NNE
21    75.4    80.2   16:04p    71.8   23:59p     00.0     10.4   00.00  04.2    20.0    14:13p     NNE
22    74.3    83.5   15:50p    67.1   07:19a     00.0     09.3   00.00  06.0    24.0    15:23p     NNE
23    76.2    88.0   16:03p    68.1   07:32a     00.0     11.2   00.00  03.1    20.0    09:23a     NNE
24
25
26
27
28
29
30
31
-------------------------------------------------------------------------------------------------------------------------------------------------------------
   69.6 (70.3)  88.0   day 23    52.6   day 11     0.3     4.9    2.32   3.4    18.5    day  19    ENE
Note: Average in brackets uses the NOAA/Climate method of the average of the daily maximum and minimum temperatures
Max Rain: 0.7300 ON 6-09-17
Days of Rain: 7 (> .008in) 5 (> .08in) 0 (> 0.8in)