MONTHLY CLIMATOLOGICAL SUMMARY for NOV. 2017

NAME: Valley Stream, NY weather   CITY: Valley Stream STATE: New York
ELEV: 16 ft LAT: 40.651 LONG: -73.694

                            TEMPERATURE ( F), RAIN (in.), WIND SPEED (mph)

                                                 HEAT     COOL          AVG
      MEAN                                       DEG      DEG           WIND                       DOM
DAY   TEMP    HIGH   TIME      LOW     TIME      DAYS     DAYS    RAIN  SPEED   HIGH     TIME      DIR
----------------------------------------------------------------------------------------------------------------------------------------------------------
01    50.3    61.5   23:59p    36.7   06:40a     14.7     00.0   00.00  01.2    10.0    22:50p      E 
02    64.6    72.1   14:22p    60.8   06:50a     00.4     00.0   00.00  02.3    15.0    16:30p      S 
03    64.8    72.8   15:57p    54.1   23:59p     00.2     00.0   00.01  02.8    24.0    23:01p      W 
04    51.7    57.9   14:59p    45.9   08:05a     13.3     00.0   00.00  03.1    17.0    02:24a      NE
05    57.4    61.8   20:18p    52.1   02:33a     07.6     00.0   00.03  02.0    12.0    16:55p      E 
06    61.4    66.3   13:30p    49.2   23:59p     03.6     00.0   00.01  03.4    18.0    18:50p     WSW
07    45.9    50.1   13:28p    41.9   21:35p     19.1     00.0   00.82  04.8    20.0    22:41p     NNE
08    44.9    50.1   14:23p    40.8   23:59p     20.1     00.0   00.01  04.5    20.0    10:15a      NE
09    48.4    56.3   14:23p    37.1   07:00a     16.6     00.0   00.00  01.7    15.0    12:24p     ESE
10    38.4    55.1   00:02a    26.4   23:59p     26.6     00.0   00.00  07.4    30.0    10:36a      NW
11    31.1    39.7   14:21p    25.0   06:50a     33.9     00.0   00.00  02.8    16.0    01:44a     NNW
12    37.1    47.9   13:05p    27.4   03:18a     27.9     00.0   00.00  00.5    10.0    14:07p     NNW
13    43.8    48.7   14:21p    38.5   23:59p     21.2     00.0   00.04  02.4    15.0    14:24p      NE
14    42.0    46.6   13:44p    37.3   06:55a     23.0     00.0   00.00  03.0    13.0    15:58p     NNE
15    45.7    51.6   23:59p    37.3   07:32a     19.3     00.0   00.00  02.8    14.0    10:41a      E 
16    52.2    58.1   14:28p    44.7   23:59p     12.8     00.0   00.31  06.1    28.0    14:49p      W 
17    43.5    48.8   13:32p    35.1   23:59p     21.5     00.0   00.00  06.4    24.0    07:55a      NW
18    44.5    57.3   23:59p    28.5   06:21a     20.5     00.0   00.20  03.1    20.0    23:24p     SSW
19    51.7    58.5   07:19a    40.6   23:57p     13.3     00.0   00.26  07.6    32.0    11:46a      W 
20    42.8    47.8   14:22p    38.3   06:21a     22.2     00.0   00.00  06.1    20.0    14:43p      W 
21    50.4    58.5   12:39p    42.5   03:07a     14.6     00.0   00.00  03.8    20.0    14:36p      SW
22
23
24
25
26
27
28
29
30
31
-------------------------------------------------------------------------------------------------------------------------------------------------------------
   48.2 (47.8)  72.8   day 03    25.0   day 11     16.8     0.0    1.69   3.7    18.7    day  19     SW
Note: Average in brackets uses the NOAA/Climate method of the average of the daily maximum and minimum temperatures
Min <=  32.0: 4
Max Rain: 0.8200 ON 7-11-17
Days of Rain: 9 (> .008in) 4 (> .08in) 1 (> 0.8in)