MONTHLY CLIMATOLOGICAL SUMMARY for AUG. 2017

NAME: Valley Stream, NY weather   CITY: Valley Stream STATE: New York
ELEV: 16 ft LAT: 40.651 LONG: -73.694

                            TEMPERATURE ( F), RAIN (in.), WIND SPEED (mph)

                                                 HEAT     COOL          AVG
      MEAN                                       DEG      DEG           WIND                       DOM
DAY   TEMP    HIGH   TIME      LOW     TIME      DAYS     DAYS    RAIN  SPEED   HIGH     TIME      DIR
----------------------------------------------------------------------------------------------------------------------------------------------------------
01    78.1    89.1   12:48p    66.6   06:30a     00.0     13.1   00.00  02.1    15.0    12:57p      S 
02    76.2    87.2   12:41p    71.5   18:38p     00.0     11.2   00.01  02.2    20.0    17:41p     SSW
03    75.9    84.9   13:54p    68.1   06:53a     00.0     10.9   00.00  02.7    16.0    18:09p      S 
04    76.7    82.5   13:51p    73.3   04:40a     00.0     11.7   00.05  04.5    20.0    16:37p      S 
05    75.8    82.2   13:18p    70.9   08:45a     00.0     10.8   00.27  05.0    23.0    16:36p     WSW
06    71.9    78.2   14:08p    65.8   06:51a     00.0     06.9   00.00  03.7    15.0    01:48a     WNW
07    67.7    71.7   10:06a    63.3   03:17a     00.0     02.7   00.41  01.3    15.0    18:05p      SE
08    71.8    81.5   15:26p    66.0   02:56a     00.0     06.8   00.01  02.4    17.0    12:00p     NNE
09    72.8    82.4   12:18p    60.6   06:39a     00.0     07.8   00.00  01.8    15.0    14:21p      S 
10    73.1    83.4   13:08p    63.5   06:33a     00.0     08.1   00.00  02.1    15.0    14:50p      S 
11    73.0    81.1   12:28p    63.5   06:42a     00.0     08.0   00.00  03.1    20.0    15:07p      S 
12    71.6    77.8   16:55p    64.3   05:45a     00.0     06.6   00.26  02.2    13.0    19:42p     SSE
13    77.8    87.2   16:01p    69.8   06:40a     00.0     12.8   00.00  02.0    16.0    13:02p     NNW
14    74.0    82.5   14:27p    65.3   05:12a     00.0     09.0   00.00  01.8    12.0    11:02a     SSE
15    72.4    75.8   10:37a    68.5   06:41a     00.0     07.4   00.38  00.8    10.0    11:55a     SSW
16    77.7    88.7   15:38p    68.4   03:36a     00.0     12.7   00.00  01.8    17.0    12:27p      N 
17    74.4    80.2   13:12p    67.5   05:48a     00.0     09.4   00.00  03.1    15.0    14:47p      SE
18    77.1    82.0   12:29p    74.2   21:59p     00.0     12.1   00.28  04.2    20.0    15:46p     SSW
19    80.4    88.6   14:09p    74.2   07:14a     00.0     15.4   00.00  02.9    16.0    14:13p     WSW
20
21
22
23
24
25
26
27
28
29
30
31
-------------------------------------------------------------------------------------------------------------------------------------------------------------
   74.7 (75.1)  89.1   day 01    60.6   day 09     0.0     9.7    1.67   2.6    16.3    day  02     S 
Note: Average in brackets uses the NOAA/Climate method of the average of the daily maximum and minimum temperatures
Max Rain: 0.4100 ON 7-08-17
Days of Rain: 8 (> .008in) 5 (> .08in) 0 (> 0.8in)