MONTHLY CLIMATOLOGICAL SUMMARY for OCT. 2017

NAME: Valley Stream, NY weather   CITY: Valley Stream STATE: New York
ELEV: 16 ft LAT: 40.651 LONG: -73.694

                            TEMPERATURE ( F), RAIN (in.), WIND SPEED (mph)

                                                 HEAT     COOL          AVG
      MEAN                                       DEG      DEG           WIND                       DOM
DAY   TEMP    HIGH   TIME      LOW     TIME      DAYS     DAYS    RAIN  SPEED   HIGH     TIME      DIR
----------------------------------------------------------------------------------------------------------------------------------------------------------
01    58.3    68.9   15:16p    50.2   07:35a     06.7     00.0   00.00  01.8    13.0    10:22a     NNE
02    59.1    72.4   14:03p    46.6   05:59a     05.9     00.0   00.00  01.3    13.0    09:35a     SSE
03    58.5    69.4   13:52p    48.5   06:08a     06.5     00.0   00.00  01.7    18.0    14:22p      SE
04    61.4    72.2   14:24p    48.5   06:56a     03.6     00.0   00.00  02.9    20.0    16:20p      SW
05    71.5    82.2   16:00p    63.6   06:17a     00.0     06.5   00.00  03.8    15.0    19:31p     WSW
06    71.8    81.6   14:13p    67.7   07:01a     00.0     06.8   00.01  01.7    12.0    16:38p      SW
07    70.2    77.9   13:27p    63.4   07:47a     00.0     05.2   00.00  03.4    20.0    19:00p      S 
08    72.1    74.2   17:32p    70.5   00:33a     00.0     07.1   00.09  04.0    20.0    10:06a     SSW
09    71.8    73.1   23:59p    70.9   05:56a     00.0     06.8   00.36  04.8    31.0    14:26p      S 
10    73.4    83.4   14:37p    65.7   23:59p     00.0     08.4   00.00  02.0    16.0    02:46a      NW
11    66.8    76.1   14:03p    61.0   05:29a     00.0     01.8   00.02  02.9    21.0    23:48p      E 
12    60.8    66.1   15:03p    55.1   23:59p     04.2     00.0   00.10  06.0    22.0    12:34p     ENE
13    60.3    66.5   12:40p    53.8   02:22a     04.7     00.0   00.00  04.8    17.0    15:46p      E 
14    67.0    73.3   14:24p    61.5   03:17a     00.0     02.0   00.02  01.7    13.0    11:20a      NE
15    68.6    73.4   16:06p    66.1   06:35a     00.0     03.6   00.02  02.3    21.0    17:37p      SW
16    59.6    69.0   02:58a    48.6   23:59p     05.4     00.0   00.00  05.2    24.0    21:02p      NW
17    50.7    60.5   15:14p    42.7   07:18a     14.3     00.0   00.00  02.1    16.0    09:23a      N 
18    60.0    72.5   15:24p    50.8   07:31a     05.0     00.0   00.00  02.2    13.0    09:22a     WSW
19    60.4    69.4   14:12p    48.7   07:55a     04.6     00.0   00.00  02.4    16.0    14:58p      SW
20    63.5    74.8   16:13p    54.1   23:59p     01.5     00.0   00.00  02.3    18.0    14:00p     WNW
21    60.2    77.1   14:06p    45.6   07:50a     04.8     00.0   00.00  00.8    12.0    16:30p      SW
22    59.5    72.4   13:41p    47.0   07:32a     05.5     00.0   00.00  01.0    12.0    15:46p      S 
23
24
25
26
27
28
29
30
31
-------------------------------------------------------------------------------------------------------------------------------------------------------------
   63.9 (64.5)  83.4   day 10    42.7   day 17     3.3     2.2    0.62   2.8    17.4    day  09     S 
Note: Average in brackets uses the NOAA/Climate method of the average of the daily maximum and minimum temperatures
Max Rain: 0.3600 ON 9-10-17
Days of Rain: 7 (> .008in) 3 (> .08in) 0 (> 0.8in)