MONTHLY CLIMATOLOGICAL SUMMARY for JAN. 2018

NAME: Valley Stream, NY weather   CITY: Valley Stream STATE: New York
ELEV: 16 ft LAT: 40.651 LONG: -73.694

                            TEMPERATURE ( F), RAIN (in.), WIND SPEED (mph)

                                                 HEAT     COOL          AVG
      MEAN                                       DEG      DEG           WIND                       DOM
DAY   TEMP    HIGH   TIME      LOW     TIME      DAYS     DAYS    RAIN  SPEED   HIGH     TIME      DIR
----------------------------------------------------------------------------------------------------------------------------------------------------------
01    13.5    18.3   15:13p    07.6   07:38a     51.5     00.0   00.00  05.6    22.0    11:08a      NW
02    19.1    26.1   14:27p    13.7   07:43a     45.9     00.0   00.00  06.1    18.0    20:54p      W 
03    22.3    29.3   13:50p    15.3   07:56a     42.7     00.0   00.00  02.0    15.0    00:04a      W 
04    23.6    28.7   02:30a    18.7   23:59p     41.4     00.0   00.00  11.6    46.0    12:39p     NNW
05    13.4    18.7   00:00a    09.3   07:44a     51.6     00.0   00.00  11.0    32.0    20:00p     WNW
06    10.4    14.4   14:40p    07.1   23:59p     54.6     00.0   00.00  09.4    30.0    03:12a     WNW
07    12.2    18.6   21:23p    05.0   07:57a     52.8     00.0   00.00  04.5    20.0    04:26a      W 
08    25.9    32.7   15:41p    17.7   00:50a     39.1     00.0   00.00  04.5    17.0    01:55a     WSW
09    35.5    43.8   14:35p    28.4   23:59p     29.5     00.0   00.02  04.3    25.0    13:18p     WNW
10    31.7    39.6   23:59p    20.4   07:27a     33.3     00.0   00.00  01.2    10.0    15:08p     SSE
11    43.3    49.5   12:45p    38.4   03:52a     21.7     00.0   00.00  00.5    10.0    21:39p      S 
12    49.7    53.6   13:19p    45.2   00:02a     15.3     00.0   00.28  05.5    28.0    09:43a      S 
13    35.6    52.8   04:32a    20.4   23:59p     29.4     00.0   00.09  08.1    30.0    04:40a     WNW
14    19.5    25.1   14:51p    15.4   08:39a     45.5     00.0   00.00  06.4    23.0    09:28a      N 
15    22.7    30.4   14:58p    17.1   01:41a     42.3     00.0   00.00  05.9    20.0    12:33p      NE
16    31.6    39.4   14:28p    21.1   00:21a     33.4     00.0   00.00  01.7    10.0    10:22a      E 
17    33.1    37.8   00:46a    23.9   23:59p     31.9     00.0   00.23  03.5    16.0    19:10p     NNW
18    26.5    33.1   15:21p    19.7   06:45a     38.5     00.0   00.00  04.9    20.0    15:15p      NW
19    31.0    37.6   15:09p    23.7   03:54a     34.0     00.0   00.00  02.7    15.0    14:42p      W 
20
21
22
23
24
25
26
27
28
29
30
31
-------------------------------------------------------------------------------------------------------------------------------------------------------------
   26.3 (26.3)  53.6   day 12    05.0   day 07     38.7     0.0    0.62   5.2    21.4    day  04     SW
Note: Average in brackets uses the NOAA/Climate method of the average of the daily maximum and minimum temperatures
Max <=  32.0: 9
Min <=  32.0: 17
Max Rain: 0.2800 ON 12-01-18
Days of Rain: 4 (> .008in) 3 (> .08in) 0 (> 0.8in)